**2 - w + 1. Let m be p(1). Suppose f - 7*f + m = 0. What is the highest common factor of f and 63?
7
Let i(d) = -d - 24. Let g be i(-14). Let c be (-10)/25 + (-244)/g. Calculate the highest common divisor of c and 3.
3
Suppose 0 = -0*d - 4*d + 16. Let i = d - 0. Suppose -46 = -3*s + 5*a, 2*s + i*a = s + 21. Calculate the greatest common factor of s and 17.
17
Let w = 85 + -83. Calculate the greatest common factor of w and 3.
1
Let x(z) = 2*z**2 + 2*z - 4. Let s be x(-4). Let i be (6/(-5))/((-6)/s). Let q(f) = f**2 + 4. Let h be q(0). Calculate the highest common divisor of i and h.
4
Let c(o) = o**2 - 3*o + 6. Let f be c(3). Suppose s = -2*q + 15, 29 = -3*s + f*s - 2*q. Calculate the greatest common divisor of 11 and s.
11
Suppose 3*h - 5*h = -96. What is the greatest common divisor of h and 12?
12
Suppose -5*l - 3*d = -2*d + 6, 16 = 4*d. Let q be ((-1)/l)/((-1)/(-4)). Let j be (22/6)/((-1)/(-6)). Calculate the highest common divisor of q and j.
2
Suppose -2*z + 465 + 177 = -v, -20 = 5*v. What is the highest common divisor of z and 29?
29
Let o(v) = -v**2 - 21*v + 51. Let h be o(-23). What is the greatest common factor of h and 5?
5
Suppose -3*r + 0*r + 12 = 0. Let o = 15 - r. Let z = 108 + -64. What is the greatest common factor of o and z?
11
Let q = 9 + 3. Calculate the greatest common factor of q and 132.
12
Let l(t) = t**3 + 5*t**2 - 2*t + 3. Let v be l(-3). What is the greatest common divisor of 189 and v?
27
Let q be 1/((-1)/(-6)) - 3. Suppose -q*g = -p + 11, 0 = 5*p - 8*p - 3*g + 45. Calculate the greatest common divisor of 14 and p.
14
Let d(i) = i - 2. Let z be 1/((-1)/(-3)*-1). Let r = 6 + z. Let x be d(r). Calculate the greatest common factor of x and 9.
1
Let f(m) = -m**3 + 9*m**2 - 9*m + 2. Let s be f(8). Let k be (14/s)/(2/(-48)). What is the highest common divisor of k and 14?
14
Suppose -10 + 5 = -5*q. Let n = 6 - 2. Suppose 0 = 2*a - 5*r - 22, r - 7 = 5*a + n*r. Calculate the highest common divisor of q and a.
1
Suppose -4*v = 26 - 106. Let f(z) = z - 3. Let l(t) = 2*t - 5. Let n(u) = -5*f(u) + 3*l(u). Let g be n(5). Calculate the highest common factor of g and v.
5
Let r(j) = 16*j**2 - j + 2. Let d be r(1). Let i = -26 + 111. Calculate the highest common divisor of d and i.
17
Let m(o) = -o**2 - 16*o + 29. Let v be m(-17). Calculate the highest common divisor of 60 and v.
12
Let y be (-6)/(((-75)/(-40))/(-5)). Calculate the highest common divisor of 144 and y.
16
Let d(z) = -z**3 + 6*z**2 - 4*z - 1. Let n be d(4). What is the highest common factor of 60 and n?
15
Let i = -10 + 13. Suppose -4*j = -3*d + 27, -i*d + j + 45 = 2*d. Suppose r - 1 = 2*r + s, 0 = 4*r + 5*s + d. Calculate the greatest common factor of r and 32.
4
Let d = 32 + -19. What is the highest common factor of 13 and d?
13
Suppose -4*i + 0*c = -c - 131, 2*c = -i + 26. What is the greatest common factor of i and 64?
32
Suppose -3*i = -i - 48. What is the highest common divisor of 36 and i?
12
Let u = 16 + -8. Let p = 16 + u. Let k = -13 + p. Calculate the highest common factor of k and 11.
11
Let z = 30 - -62. Suppose 280 = 5*s + 3*y + 85, -z = -2*s - 4*y. Suppose -2*k = -38 + 14. What is the highest common divisor of s and k?
12
Let f be (-6)/24 + (-5)/(-4). Let y be 10/(-4)*-2*f. Let m(w) = -w**3 + 8*w**2 - w + 3. Let n be m(7). What is the greatest common divisor of n and y?
5
Let u = -42 + 147. What is the greatest common divisor of 15 and u?
15
Suppose 0 = -0*p - p - c + 68, -3*p = -4*c - 169. Calculate the highest common divisor of 21 and p.
21
Let c(g) = -3 - 2*g + 11 + g + 10. Let r be c(10). Calculate the greatest common factor of 24 and r.
8
Let t(w) = -w**3 + 10*w**2 - 3*w. Let i be t(9). Suppose -4*b - i = -182. Calculate the greatest common factor of 16 and b.
16
Suppose -4*w + 148 = -20. What is the greatest common factor of w and 105?
21
Let w(f) = f**3 + 7*f**2 + 2. Let o be w(-7). Suppose g - 105 = 5*s, -o*g + 0*g - 3*s = -197. What is the greatest common factor of 20 and g?
20
Suppose 48 = 3*q - 3*t, 35 = 5*q + 2*t + 2*t. Let r be 1 + 2*(72 + 3). Let i = r + -107. What is the greatest common factor of i and q?
11
Suppose -6*y + 5 = -1. What is the highest common factor of 1 and y?
1
Let g(f) = -7*f - 3. Let a be g(-9). Suppose -2*h + a = 3*h. What is the greatest common factor of 36 and h?
12
Let x be 25 + (-8)/(0 + 2). What is the highest common factor of 147 and x?
21
Let g = 106 - -98. Let w = 364 - g. Calculate the greatest common divisor of 20 and w.
20
Suppose x - 2*o = -17, -3*x - 51 = -0*o - 3*o. Let y = 122 + x. Calculate the highest common divisor of 42 and y.
21
Let f(v) = v**3 - 14*v**2 + 6*v - 20. Let h be f(14). What is the greatest common divisor of 8 and h?
8
Let y(u) = 2*u - 11. Suppose 4*i - 16 = -0*t - 4*t, 5*t - i - 50 = 0. Let p be y(t). Calculate the greatest common divisor of p and 35.
7
Let j(r) = 2*r**3 + r**2 + 2*r - 1. Let x be j(3). Suppose q - 27 = a, -2*q - 2*q + x = 4*a. Calculate the highest common factor of 220 and q.
22
Let z be -1 - ((-10)/(-55) - (-717)/(-11)). What is the greatest common divisor of 96 and z?
32
Let y(s) be the first derivative of -s**2/2 + 14*s + 7. Let z be y(-13). Let a = -5 + 14. What is the highest common divisor of a and z?
9
Suppose 2*v = 5*v - 30. Suppose 8*s = 3*s + v. Suppose -6 = -t - s, -u + 25 = 3*t. What is the greatest common divisor of u and 104?
13
Let n be -2*2 + -32*2/(-4). Calculate the greatest common divisor of 3 and n.
3
Let i be 14/63 + (-356)/(-18). What is the highest common divisor of 10 and i?
10
Suppose -4*j = 4*q, 5*j - 2*j - 16 = 5*q. Suppose -5 = -5*y, j = l - 3*y - 1. Calculate the highest common factor of l and 12.
6
Suppose 950 = 5*w + 5*n - 20, 2*w - 364 = 4*n. Calculate the greatest common divisor of 19 and w.
19
Let i be (-27)/(-6) + (-1)/2. Let y = i + 2. Suppose 5*d - 9 = -4*v, -v = 3*d - d. What is the highest common divisor of y and v?
6
Suppose -4*f - 5 = -21. What is the greatest common divisor of f and 6?
2
Let g be -2 - (-3 - 1*-2). Let i = 0 - g. Calculate the greatest common divisor of 5 and i.
1
Suppose -3*m = h - 9 + 3, 4*m - 5*h - 27 = 0. Suppose -290 = -m*y + 5*c, 2*y + c = y + 86. What is the highest common factor of 10 and y?
10
Let i(c) = -2*c - 13. Let u be i(-14). Suppose u - 3 = 3*h. Let m be 0*(0 - 1) + 2. Calculate the greatest common factor of h and m.
2
Let g be (-2 + 1)/((-6)/(-36)). Let r be (g/4)/(1/(-2)). Calculate the greatest common factor of 33 and r.
3
Let u = 0 - -3. Let s = 43 - 16. What is the highest common factor of s and u?
3
Suppose -1275 = 25*l - 30*l. Calculate the greatest common divisor of 51 and l.
51
Let b be (-1436)/(-20) - (-1)/5. What is the greatest common factor of b and 9?
9
Let j be 1/(-4) - (-1885)/20. Suppose 4*a + 5*w = a + j, 62 = 2*a + 3*w. Let f = -128 + 268. What is the highest common factor of f and a?
28
Let t = 473 + -277. What is the greatest common factor of 28 and t?
28
Suppose 5*o - 9 - 276 = 0. Calculate the greatest common factor of o and 76.
19
Let l = -10 + 15. Let q(n) = 2*n - 6. Let x be q(l). Suppose -x = -2*s, j - 3*s - 3 = -2*s. Calculate the greatest common divisor of j and 5.
5
Let d(v) = v - 1. Let g be d(3). Suppose 5*a - 4*m - 32 = 3*a, 2*a = -2*m + g. What is the highest common divisor of a and 48?
6
Suppose 124 = 3*i + 2*z, 5*i + 4*z - 72 = 3*i. What is the highest common divisor of i and 4?
4
Let y(x) = 2*x**3 - x + 8 + 4 - 4*x**3 + 3*x**3. Let m be y(0). Suppose 5*f - 3 = -h + 2*h, 0 = 3*f - m. Calculate the highest common divisor of h and 68.
17
Let x be 2/((-1)/(-10)*4). Suppose 3*p + 1 = -x*s + 9, 3 = p + 2*s. Calculate the greatest common factor of p and 5.
1
Let a = -7 - -6. Let w be (-106)/8 + 3/12. Let l be a/(w/(-7) + -2). What is the highest common factor of l and 77?
7
Let p(c) = -c**2 + 4. Let d be 2 + 2/3*3. Let m be p(d). Let u be 8/m + 167/3. What is the highest common divisor of 11 and u?
11
Suppose 3*d - s = -6*s + 133, d - s = 55. What is the greatest common divisor of d and 17?
17
Suppose -t + 5*o = -18, -2*o - 3*o = 0. Calculate the highest common factor of 9 and t.
9
Let h = 201 + -191. Calculate the greatest common factor of 15 and h.
5
Let r = 1 - -10. Suppose 3 = 4*v + r. Let x be 42 - -3*v/(-2). Calculate the highest common divisor of x and 5